1
49 - (-38 + 22) - (0 - 9 - (88 - 101))
61
Evaluate 5 + -7 - (38 - 40 - 10).
10
Calculate 0 - (-28 + (-3 - -11) + 9 - (-1 - -1)).
11
What is 19 + (-106 - (-166 - -62))?
17
What is the value of 5 + -55 + 11 + -3 + (0 - 11) + -1?
-54
What is -36 + 48 + -24 + -7 - -69?
50
Calculate (-6 + 11 - 22) + (-155 - -223).
51
What is -1 + (35 - 41 - -18) + 11 + 1?
23
What is -6 + (-3 + -4 - -68 - (64 - 63))?
54
What is -47 - (30 + -33 + -42)?
-2
Evaluate (1836 - 1819) + (-54 - 1).
-38
Evaluate (-24 + 17 - 30) + 68 - 90.
-59
Evaluate -28 - (-47 - (-209 - -97)).
-93
Evaluate 9 + (-60 - (-56 + 37)).
-32
What is -2 + 12 + (1 - (-5 + 3 + (-6 - -38)))?
-19
Evaluate 7 - (4 + 4 + -19 - ((10 - 18) + -17)).
-7
Evaluate 1 - 66 - (-8 - -5) - (-2 - (1 - 15)).
-74
Calculate 24 + -7 + 9 - (-209 - -201).
34
Evaluate -10 + 17 + -7 + 13 + -1 + -11 + 8.
9
What is 29 + (8 - (8 + 56 + 13))?
-40
Evaluate (78 - 49) + 11 + -57.
-17
24 - (17 - (1 - 10))
-2
What is the value of -48 - -22 - (-11 + -5 - 24)?
14
Evaluate -1733 + 1740 + 23 + 0 + -2.
28
Evaluate -102 - (-118 - (16 - 99)).
-67
What is the value of -3 - (-4 - -5) - ((14 - 8) + 18 + -26)?
-2
8818 + -8818 - (5 + -4 + (-1 - 125))
125
What is 1 + (-3 - 18 - -42)?
22
What is the value of 4 + (-3 - 40 - (-19 - -28 - 14))?
-34
Calculate -25 + -5 - -45 - -14 - 53.
-24
What is the value of (-10 - 2) + 18 + 34 + -11?
29
What is the value of (15 + -4 - (-28 - 2)) + 6 + -20 + 7?
34
Calculate 1 + -4 + 68 + 0 + (5 - (33 - 25)).
62
What is -104 + 107 + 2 + -5 + -6 + 22?
16
What is the value of 16 + (-4 - -5) + -24 + 0?
-7
-5 - (0 + 3 - (-28 - (-1 + -29))) - 9
-15
(43 - 2) + (192 - (-42 + 212))
63
What is the value of (-45 - -82 - (-2 - -36)) + 2 + (-2 - -41)?
44
Calculate -3 + -23 - 0 - (1259 - 1246).
-39
What is the value of 15 - (-22 + (-2 - 8 - -2))?
45
Evaluate -123 + (72 - 44) + 24.
-71
Evaluate 5218 + -5158 - (-3 + (9 - -2)).
52
Calculate -11 - (-40 - 14 - -24) - (100 + 6).
-87
What is 34 - (-21 - (-105 + 41))?
-9
What is 19 + (10 + -27 - -18) + 11?
31
What is -20 - -20 - (-66 - -66)?
0
What is 4 + (-16 - (-8 - (21 - 13)))?
4
Calculate 20 + -12 - 25 - (9 - (47 + -8)).
13
What is the value of 44 + (-9 - (3 - -7 - (-59 + 66)))?
32
73 + -60 - ((3 - (6 + -7)) + -110)
119
Evaluate (-30 - -39) + (-4 + 9 - -54 - 1).
67
What is the value of (-8 - -18) + (0 - 132) - -17?
-105
Evaluate 7 + (15 - -33 - 30).
25
Calculate 124 - 6 - (-1045 + 1153).
10
-14 + 9 - ((15 - 52) + 8)
24
9 + (-8 + -6 + 2 - -21) + -15
3
73 + -78 + (57 - -59 - (1 + 4))
106
-147 - (-11 + 108 + -243)
-1
What is the value of (2 - 3) + 88 + -52?
35
What is 18 + (16 - (18 - (3 + 1)) - 12)?
8
-683 + 739 + (1 - (-2 - -12))
47
What is the value of -16 + 6 - (31 + (2 - 14) + (16 - 11))?
-34
Evaluate (-17 - (-109 - (12 - 27))) + (9 - 13).
73
-2 + -21 + 37 + -43
-29
5 + 119 + 1493 + -1510
107
Evaluate (11 + 1 - (6 + (25 - 17))) + 5 + -2.
1
Evaluate -8145 + 8190 - (0 + 11).
34
Calculate (0 + -3 - (-113 + 29)) + -26.
55
What is the value of (-1 - -1 - (111 - 119)) + (6 + -4 - 96)?
-86
What is the value of 27 + -18 + -19 - (57 - (5 + 5 + -6))?
-63
What is the value of 821 + -742 + -127 + 5?
-43
Calculate 50 + 15 + 1 + -1 + -1 - (-29 + 29).
64
What is the value of -33 - -32 - ((26 - 2) + 6)?
-31
Evaluate (12 - (76 - 3) - (17 + -25)) + 21.
-32
What is the value of -17 - (-6 - (24 + (-15 - -12) - 20))?
-10
Calculate -2 + (-147 - (-5 + 1)) + (2466 - 2456).
-135
-8 + (1 - -17) + (-2 - (30 + -3))
-19
What is the value of 85 - (19 - -16) - (-77 - -47)?
80
What is the value of -41 - (83 - 76) - 25?
-73
What is the value of -36 + 0 + 2 + (-16 - (-3 - (61 + -37)))?
-23
Evaluate -25 + 13 + -6 + -31 + 34 + 118.
103
91 + (16 - (6 - -25)) - (0 + -4)
80
Calculate 51 - 141 - -183 - (-2 + (1 - -13)).
81
What is the value of -386 - -340 - ((2 - 7) + (6 - -2 - 1))?
-48
What is the value of (63 - 0) + -105 + 117?
75
45 + (39 - -26 - 55)
55
Calculate -7 + 9 + 10 + -4 + -2 + -8 - 2.
-4
What is 775 - 785 - (1 + 0 + -8)?
-3
What is 4 + 33 + (1 - -1) - (-2519 + 2536)?
22
Evaluate 2 - -9 - (951 + -912) - -18.
-10
What is -26 + 0 + 104 + -69?
9
What is (-5 - 95) + (-107 - -162)?
-45
Evaluate 25 + (-974 - -1009 - (-41 + -1)).
102
Calculate 23 - (-3 - 6 - (-1 - 1)).
30
Evaluate 22 - (-14 - ((2 - (-6 + -1 - -13)) + 2)).
34
(-3 - 0) + -5 + (1 - -4) + (-982 - -996)
11
What is 2 + 109 + (159 - 77 - 58)?
135
What is 18 + (-22 - 30) + 43?
9
Evaluate (-4 - 54 - -80) + -33.
-11
Calculate -3 + (-4 - ((-15 - -25 - 61) + 12)).
32
What is the value of 16 - (5 + 0 - (48 - 38 - -8))?
29
Evaluate -9 - ((-142 - -127) + -77 + 1).
82
What is the value of -397 + 413 - (7 + (-3 - 4))?
16
-19 - -1 - (-7 - 1 - (-6 + -26))
-42
Calculate 21 + (-1 + -10 + 2 + 1 - -14 - 6).
21
Calculate (-291 + 284 - (-29 + -1)) + 20.
43
Evaluate (39 - (-6 + 69)) + 30.
6
2 + 14 + (103 - 95 - (1 - 23))
46
What is the value of -54 - (-7 + -37) - -29?
19
Evaluate (59 - (-42 - -67)) + -37.
-3
What is 2 + 28 - (-13 + 7 + -35)?
71
Calculate 2 + (-3 - 9) + (95 - 80 - 78).
-73
What is (10 - (1 - 0)) + (0 + 63 - (479 + -451))?
44
Calculate 6 + 2 - (13 + (-12 - (-15 + 8))).
0
Calculate (-44 - -64) + -20 - (0 - -3 - -4).
-7
What is the value of 36 - 90 - (-9 + -3 + 0) - (9 - 3)?
-48
What is 46 + -128 + 62 + (-46 - 0) + -15?
-81
What is 3 + -32 + (-1089 - -1046)?
-72
Evaluate (-7 - -2 - (0 + -76)) + 595 + -598.
68
15 + -3 + -28 + -15 + (1 - 7)
-37
Evaluate -81 + (-27 + 35 + 23 - 23).
-73
What is 0 + -7 - (57 - 11 - 50) - -20?
17
Calculate 86 - (7 - ((0 - 1) + -90 + 98)).
86
What is (4 - ((9 - -6 - 8) + (-1 - -3))) + -17?
-22
What is 66 + 10 + (4 - 19) - -1?
62
What is the value of 13 + 1 - (3 - (8 + -14) - 17)?
22
Calculate -41 + 65 - 23 - -46.
47
Evaluate (-61 - -213) + 13 + -48.
117
What is 1 + 4 + 53 + -63 + (-5 - (-7 - -41))?
-44
(-38 - -48 - (64 - (-1 + 1))) + (0 - 0)
-54
Evaluate -16 + 65 + -21 + -17 + 4 + 1.
16
What is the value of 10 - (96 + (-27 - -7) + -29)?
-37
Evaluate -2 + 8 + (-75 - -113).
44
What is the value of 5 - (6 - 3) - ((-41 + 26 - -12) + -8)?
13
Evaluate -21 + 29 + 0 - (-57 + 11).
54
Calculate -34 - (11 + -17 + -11 + 17 + (6 - -1)).
-41
What is the value of -371 + 368 - (48 - 0)?
-51
-10 + 0 - ((135 - 28) + -179)
62
What is the value of -82 + 6 + -3 + (34 - 14) + -20 - -3?
-76
What is the value of (5 - -34) + -20 + 4 + -1?
22
-110 + (-38 - -117) - (1 + -64)
32
Calculate 12 - (-4 + 12 - (22 + (-154 - -16))).
-112
Evaluate 60 + (20 - 69) - (0 + 3 - (38 + -3)).
43
What is the value of (1 - 2 - -5) + (110 - (160 - 67))?
21
(-9 + -18 - -9) + (-3 - 6)
-27
169 - 95 - ((5 - 4) + 5)
68
-48 + (-45 - -175) - 45
37
Evaluate -39 - (33 - 89) - (2 - 0 - 52).
67
25 - -2 - (6 + -34 - -117)
-62
What is 19 - 1 - 2 - (-176 - (-116 - 109))?
-33
What is the value of -8 + -1 - (-1 - 3) - (-114 + 151)?
-42
What is 4 - 6 - (-4 + (14 - 7 - 1) + -9)?
5
Evaluate 3279 + -3317 - (21 + 4 + -4).
-59
What is the value of 3 + -2 + -11 - 2 - (-2681 - -2684)?
-15
What is -40 - 52 - -104 - (58 - (4 + -1))?
-43
6 + 61 + 18 - (6 + -15 + -10)
104
What is the value of -3 - (26 - 16) - -5 - -49?
41
What is -35 + -8 + (0 - (16 - 21 - -15))?
-53
22 + 1 + 2 + (-170 - -152) + 32 + -2
37
(10 - (-5 - -15)) + (19 - -1 - 11)
9
Evaluate (-29 - -11 - -21) + -7 + -3 + -3.
-10
What is the value of -106 - (-93 + (57 - 35))?
-35
What is the value of -24 + -46 - -6 - -136?
72
Calculate (-10 - -1) + (2 - 2) + 1 + 4.
-4
What is the value of 7 - (7 - 61) - 14?
47
What is the value of 31 - (24 - (-31 + 21)) - (-18 - -1)?
14
Evaluate (29 - -1) + (-485 - -466) - -16.
27
-1 + 0 + (-21 + 10 - 6 - 9)
-27
-3 + -42 + (16 - -26)
-3
Evaluate (-62 - 14 - 14) + 11 + -61 + 55.
-85
Calculate -2 - (25 + 0) - ((5 + -3 - -26) + -24).
-31
What is -4 + -115 + (20 - -28)?
-71
Calculate (-19 - (-33 - -18)) + 98 + -26 + -14.
54
Evaluate -39 - (77 + -56 + 8).
-68
What is -8 - (2 + 2 + -156 + (-47 + 32 - -17))?
142
Evaluate 15 + -10 + (-10 - (-5 + 6 + -6 + 8)).
-8
Evaluate -110 + 31 + (8 + 1 - (179 - 159)).
-90
Evaluate (14 - 4) + (-45 - (31 + -69)).
3
What is (-92 - (130 - 112)) + 33?
-77
Calculate -2 - -19 - (4 + -17 + 34 - 29).
25
Evaluate -7 - (-2 + 1) - (-5 - 105 - -11).
93
What is -5 + 4 + -8 + 94 - (-14 - 6 - -20)?
85
What is 46 - (-48 - -143) - (17 + -17 + (1 - 0))?
-50
Evaluate 11 + (-7 - (-13 + 15)) + -3 - 35.
